d by 34?
6
What is the remainder when 91 is divided by 19?
15
Calculate the remainder when 75 is divided by 74.
1
Calculate the remainder when 93 is divided by 47.
46
What is the remainder when 223 is divided by 45?
43
What is the remainder when 221 is divided by 17?
0
What is the remainder when 74927 is divided by 127?
124
What is the remainder when 346 is divided by 58?
56
What is the remainder when 49 is divided by 23?
3
Calculate the remainder when 905 is divided by 28.
9
What is the remainder when 12 is divided by 2?
0
Calculate the remainder when 163 is divided by 20.
3
What is the remainder when 52 is divided by 23?
6
What is the remainder when 318 is divided by 12?
6
What is the remainder when 1799 is divided by 41?
36
What is the remainder when 128 is divided by 28?
16
What is the remainder when 381 is divided by 181?
19
What is the remainder when 1297 is divided by 52?
49
What is the remainder when 678 is divided by 28?
6
Calculate the remainder when 3530 is divided by 22.
10
Calculate the remainder when 17 is divided by 7.
3
Calculate the remainder when 224 is divided by 37.
2
What is the remainder when 862 is divided by 104?
30
Calculate the remainder when 407 is divided by 59.
53
What is the remainder when 134 is divided by 68?
66
Calculate the remainder when 3903 is divided by 2.
1
What is the remainder when 2659 is divided by 38?
37
What is the remainder when 125 is divided by 57?
11
Calculate the remainder when 279 is divided by 70.
69
Calculate the remainder when 206 is divided by 73.
60
Calculate the remainder when 1141 is divided by 39.
10
What is the remainder when 1006 is divided by 3?
1
What is the remainder when 78 is divided by 59?
19
What is the remainder when 396 is divided by 50?
46
Calculate the remainder when 1544 is divided by 64.
8
Calculate the remainder when 352 is divided by 67.
17
What is the remainder when 452 is divided by 86?
22
Calculate the remainder when 210 is divided by 53.
51
What is the remainder when 2716 is divided by 181?
1
Calculate the remainder when 205 is divided by 50.
5
What is the remainder when 14530 is divided by 43?
39
What is the remainder when 3057 is divided by 23?
21
Calculate the remainder when 765 is divided by 16.
13
What is the remainder when 2629 is divided by 56?
53
Calculate the remainder when 44 is divided by 17.
10
What is the remainder when 933 is divided by 26?
23
What is the remainder when 913 is divided by 54?
49
What is the remainder when 138 is divided by 38?
24
What is the remainder when 87 is divided by 37?
13
What is the remainder when 34 is divided by 5?
4
Calculate the remainder when 163 is divided by 33.
31
Calculate the remainder when 344 is divided by 37.
11
What is the remainder when 1427 is divided by 119?
118
What is the remainder when 979 is divided by 476?
27
Calculate the remainder when 14 is divided by 5.
4
Calculate the remainder when 84 is divided by 11.
7
Calculate the remainder when 10090 is divided by 6.
4
What is the remainder when 67 is divided by 21?
4
What is the remainder when 12136 is divided by 57?
52
Calculate the remainder when 788 is divided by 33.
29
What is the remainder when 5543 is divided by 36?
35
Calculate the remainder when 439 is divided by 114.
97
Calculate the remainder when 27 is divided by 5.
2
What is the remainder when 83 is divided by 4?
3
What is the remainder when 3064 is divided by 178?
38
What is the remainder when 179 is divided by 108?
71
Calculate the remainder when 1365 is divided by 24.
21
Calculate the remainder when 81 is divided by 26.
3
What is the remainder when 56 is divided by 18?
2
Calculate the remainder when 296 is divided by 194.
102
Calculate the remainder when 110 is divided by 107.
3
What is the remainder when 560 is divided by 33?
32
What is the remainder when 536 is divided by 22?
8
What is the remainder when 43341 is divided by 24?
21
What is the remainder when 335 is divided by 299?
36
What is the remainder when 189 is divided by 30?
9
What is the remainder when 1225 is divided by 389?
58
Calculate the remainder when 886 is divided by 6.
4
Calculate the remainder when 373 is divided by 19.
12
Calculate the remainder when 644 is divided by 54.
50
Calculate the remainder when 476 is divided by 13.
8
What is the remainder when 2111 is divided by 16?
15
Calculate the remainder when 879 is divided by 292.
3
Calculate the remainder when 61 is divided by 22.
17
Calculate the remainder when 3252 is divided by 18.
12
Calculate the remainder when 602 is divided by 13.
4
Calculate the remainder when 62 is divided by 17.
11
Calculate the remainder when 8363 is divided by 135.
128
Calculate the remainder when 1733 is divided by 160.
133
Calculate the remainder when 753 is divided by 257.
239
Calculate the remainder when 421 is divided by 128.
37
Calculate the remainder when 26 is divided by 5.
1
Calculate the remainder when 179 is divided by 157.
22
What is the remainder when 317 is divided by 8?
5
What is the remainder when 54 is divided by 28?
26
Calculate the remainder when 1157 is divided by 145.
142
Calculate the remainder when 49 is divided by 25.
24
What is the remainder when 2494 is divided by 26?
24
Calculate the remainder when 12165 is divided by 117.
114
What is the remainder when 128 is divided by 25?
3
What is the remainder when 1208 is divided by 39?
38
Calculate the remainder when 440 is divided by 142.
14
What is the remainder when 1199 is divided by 238?
9
What is the remainder when 9557 is divided by 177?
176
Calculate the remainder when 5624 is divided by 28.
24
What is the remainder when 22222 is divided by 8?
6
Calculate the remainder when 123 is divided by 14.
11
What is the remainder when 3384 is divided by 28?
24
What is the remainder when 307 is divided by 39?
34
What is the remainder when 559 is divided by 41?
26
Calculate the remainder when 530 is divided by 264.
2
Calculate the remainder when 157 is divided by 16.
13
Calculate the remainder when 713 is divided by 19.
10
What is the remainder when 830 is divided by 17?
14
Calculate the remainder when 436 is divided by 77.
51
What is the remainder when 196 is divided by 34?
26
Calculate the remainder when 362 is divided by 112.
26
What is the remainder when 114 is divided by 39?
36
Calculate the remainder when 30 is divided by 7.
2
What is the remainder when 162 is divided by 52?
6
What is the remainder when 1337 is divided by 134?
131
Calculate the remainder when 244 is divided by 49.
48
What is the remainder when 322 is divided by 9?
7
Calculate the remainder when 61 is divided by 35.
26
What is the remainder when 297 is divided by 142?
13
What is the remainder when 6915 is divided by 23?
15
What is the remainder when 311 is divided by 9?
5
What is the remainder when 3816 is divided by 10?
6
Calculate the remainder when 301 is divided by 4.
1
What is the remainder when 426 is divided by 31?
23
Calculate the remainder when 343 is divided by 37.
10
What is the remainder when 160 is divided by 58?
44
What is the remainder when 1370 is divided by 1369?
1
Calculate the remainder when 245 is divided by 70.
35
What is the remainder when 580 is divided by 83?
82
Calculate the remainder when 3492 is divided by 872.
4
Calculate the remainder when 20 is divided by 10.
0
What is the remainder when 231 is divided by 96?
39
Calculate the remainder when 1673 is divided by 828.
17
What is the remainder when 188 is divided by 116?
72
What is the remainder when 473 is divided by 21?
11
Calculate the remainder when 11145 is divided by 12.
9
What is the remainder when 73 is divided by 30?
13
Calculate the remainder when 124 is divided by 12.
4
What is the remainder when 427 is divided by 33?
31
What is the remainder when 100 is divided by 5?
0
What is the remainder when 388 is divided by 57?
46
Calculate the remainder when 332 is divided by 42.
38
Calculate the remainder when 96 is divided by 36.
24
Calculate the remainder when 288 is divided by 99.
90
Calculate the remainder when 333 is divided by 35.
18
Calculate the remainder when 29672 is divided by 74.
72
What is the remainder when 4720 is divided by 105?
100
What is the remainder when 4379 is divided by 137?
132
Calculate the remainder when 332 is divided by 150.
32
What is the remainder wh